first derivative of -2*b**2 - 7*b + 2. Let j be (-154)/(-10) + (-76)/190. Suppose j = -148*m + 145*m. What is h(m)?
13
Let y(l) = 91*l - 67. Let k(f) = -6*f. Let c(u) = 34*k(u) + 2*y(u). Give c(-6).
-2
Let b(u) = u + 9. Suppose 7*g = 12*g - 770. Let x = g + -84. Let r = x + -79. Determine b(r).
0
Suppose d = 90*d. Let b(v) be the second derivative of 2*v - 1/20*v**5 + 0 + 5/2*v**2 + 0*v**3 - 1/12*v**4. What is b(d)?
5
Let c(t) = 8*t + 24. Let h = 8164 + -8172. Give c(h).
-40
Let w(c) be the second derivative of 1/2*c**3 + 0 + 96*c - 15/2*c**2. Calculate w(8).
9
Suppose 15 = -3*w - 39. Let s be ((-9)/w)/((-1)/134). Let d = s + 77. Let o(m) = -m**2 + 10*m + 11. Give o(d).
11
Let t(y) = 21*y + 9. Let g(z) = 17*z + 8. Let b(p) = 5*g(p) - 4*t(p). Let h(d) = -4*d + 1 + 0*d + d - 2*d. Let l be h(1). Determine b(l).
0
Let o(c) = c**3 - 12*c**2 + 10*c + 3. Suppose -3*g - 59 = -92. What is o(g)?
-8
Let c be ((-58)/(-522))/(2/36). Let y(s) be the first derivative of 3*s**2/2 - 3*s - 2. What is y(c)?
3
Let t(p) = -2*p**3 - 15*p**2 + 18*p - 86. Let f be t(-9). Let d(m) = -m**3 + m**2 + 31*m + 9. What is d(f)?
4
Let a(z) = -z**3 + 13*z**2 - 16*z + 9. Let c be ((-51)/(-153))/((-10)/(-282)) + (-24)/(-15). Determine a(c).
75
Suppose -118*k + 252*k - 110*k = 264. Let c(p) = p**3 - 12*p**2 + 13*p - 2. Determine c(k).
20
Suppose -y = n - 0*y - 9, 5*n - 2*y - 31 = 0. Let c(o) = -3*o**2 - n + 2 + 3 + 3*o + 3. Suppose 34 = 3*r - 5*m, -2*m + 4 = -5*r + 29. Give c(r).
-17
Suppose r = -0*r - 54 + 57. Let s(l) be the second derivative of 1/6*l**r + 13/2*l**2 - 27*l + 2. What is s(-9)?
4
Let z(d) = -7*d + 9. Let r(a) = a - 2. Let x(w) = 5*r(w) + z(w). Suppose -30*k + 26*k = -12. Give x(k).
-7
Let i(y) = 10 - y**3 - 4 + 14*y**2 + 4*y**2 - 21*y**2 + 5*y. Suppose 20 = -9*q + 13*q. Suppose q*p = -2*b - 14, -2*b = p - b + 1. Give i(p).
2
Let b(k) = 4*k + 1. Let h(s) = 10*s + 27. Let q(i) = 2*b(i) - h(i). What is q(9)?
-43
Suppose 2*f + 88 - 93 = -5*g, 2*g = 3*f + 21. Let d(l) = l - 5. Let c(b) be the first derivative of -b**2/2 + 2. Let t(a) = 3*c(a) + d(a). Determine t(f).
5
Let l(z) be the second derivative of z**4/4 + 5*z**3/2 + 9*z**2/2 - 287*z. Calculate l(-5).
9
Let i(o) = -o**3 + 7*o**2 - 7*o - 7. Let c(p) = -p**3 - 13*p**2 - 7*p - 5. Suppose -35*s + 31*s = 48. Let n be c(s). Let x = -59 - n. What is i(x)?
-13
Suppose 3*c - 3*d - 49 = -13, -4*c + 12 = 5*d. Let r(q) = 3*q**2 - 8. Let u(a) = -14*a**2 + 5*a + 31. Let f(b) = 9*r(b) + 2*u(b). Determine f(c).
6
Let p be (11 + -31)*4/5. Let g(z) = z**3 + 16*z**2 + 2*z + 30. What is g(p)?
-2
Let b(a) = a**3 + a**2 + 5*a - 91. Let d be b(0). Let f = -100 - d. Let l(y) = y**3 + 8*y**2 - 10*y - 10. Determine l(f).
-1
Let s(i) be the first derivative of -2*i**2 - 96*i + 48. Let o be s(-24). Let y(b) = -b**3 - b**2 + b + 12. Determine y(o).
12
Let j(s) be the first derivative of s**3/3 + 6*s**2 - 19*s - 3215. Determine j(-18).
89
Let o(g) = g**3 - 5*g**2 - g - 6. Let r be (141/(-235))/((-2)/10). Suppose 4 + 5 = k + 3*i, -4*k + 21 = -r*i. Calculate o(k).
24
Let z(a) = 7*a**3 + 4*a**2 - 4*a - 5. Let f(m) = 13*m**3 + 7*m**2 - 7*m - 9. Let x(y) = -4*f(y) + 7*z(y). Let u = -582 - -583. Calculate x(u).
-2
Suppose 5*w - 11 = 2*f - 23, -f - 5*w = 9. Suppose 2*c + 8 = 2*a, c - 3*c - 8 = -a. Suppose a = t + f. Let g(u) = 3*u**3 - u**2 + u + 1. Determine g(t).
-4
Let z(s) = 2*s**2 + 98*s + 358. Let h be z(-45). Let y(b) = 2*b + 6*b**2 + b - 2*b**2. Determine y(h).
10
Let k(z) = 3*z + 2453*z**3 + 2449*z**3 + 32 + 25*z**2 - 4901*z**3. Determine k(-25).
-43
Suppose -7*z + 144 = 11. Suppose -4*f = 3*m - z + 30, 4*m + 10 = -3*f. Let y(n) = 4*n - 2. Give y(m).
-6
Let d(b) = -b**3 + b**2 + b - 3. Let o be 8*(-4 + 3) + 2. Let y be (-10)/(-3) - 4/o. Suppose -5*r + 3*h = y*h + 5, 0 = 5*r - 3*h - 15. Give d(r).
-3
Let j(a) = -2*a**2 + 3*a - 3. Let c(n) = -n**2 - n + 1. Let b be 1/((-10)/45 + 2/(-18)). Let o(w) = b*c(w) - j(w). Calculate o(1).
5
Let l(h) be the second derivative of 3*h**6/40 - h**5/60 + h**3/6 + 23*h**2 + 46*h. Let s(b) be the first derivative of l(b). Calculate s(-1).
-9
Let t = 24 + -22. Let b(s) = -9 - t*s**2 - 12*s + s**2 + 6. Calculate b(-10).
17
Let v(y) be the first derivative of 3*y**2/2 - 142*y - 258. Let s be v(49). Let j(m) = 6*m + 6. What is j(s)?
36
Suppose -3*v - 45 = 3*o, 0 = -7*v - 60*o + 63*o - 45. Let s(d) = d**2 - 7*d - 138. Calculate s(v).
6
Let p(t) = -t**3 + 7*t**2 - 2*t - 36. Let f(x) = 11*x**2 + 933*x - 165. Let w be f(-85). Give p(w).
4
Let j(t) = -38*t**2 - 2 - 271*t + 188*t - 47*t**2 + 86*t. Determine j(1).
-84
Let u(g) be the third derivative of g**8/20160 - g**7/5040 + g**6/40 - g**5/10 - g**3/6 - 12*g**2. Let f(b) be the third derivative of u(b). What is f(0)?
18
Let n = 13 + -9. Let z(a) be the second derivative of a**5/120 + a**4/24 + 49*a**3/6 + a**2/2 + a - 29. Let w(g) be the second derivative of z(g). Give w(n).
5
Let q(l) = l**3 - 3*l**2 + 1. Suppose -49 = -4*k - 41. Let a(f) = -4 + f**2 + 7*f**2 + 5*f**2 - 6*f**3 + f**3. Let v(j) = k*a(j) + 9*q(j). Determine v(-1).
1
Let t(w) be the first derivative of -w**3 - 1/4*w**4 + 6*w + 7/2*w**2 + 69. Determine t(-4).
-6
Let y = 62 - 28. Suppose 0 = 5*v - 2*c + 66, -5*v - y - 14 = 4*c. Let s be (-35)/(-14)*v/(-5). Let n(x) = -2*x + 6. Calculate n(s).
-6
Let m be -2 + 20/(0 - 5). Let q(j) = -5*j + 16 + j - 5 + 0*j - 14. What is q(m)?
21
Let m(s) = -8*s**3 + 783*s**2 + 100*s - 178. Let n be m(98). Let d(x) = -x - 75. Give d(n).
-93
Let n(j) = -j**2 + 7*j - 7. Let i(x) = -2*x + 3. Let l(d) = d - 1. Let s(g) = 6*i(g) + 13*l(g). Let u be s(2). Determine n(u).
-7
Suppose -131*h - 5 = -126*h + 5*s, 4*s - 11 = h. Let m(u) = u**3 + 6*u**2 + 8*u + 16. Determine m(h).
19
Let p(k) = -3*k**2 - 41*k - 133. Suppose 170*h = -1501 + 311. Give p(h).
7
Let i(g) = -g**3 + 23*g**2 - 87*g + 198. Let n be i(19). Let c(h) = -2*h**2 - 28*h - 78. Determine c(n).
-12
Suppose -2*s + 4*m - 15 - 1 = 0, -5*s + 4*m = 10. Let x(r) = -10*r**3 - 1 + 0*r + 4*r**3 - 2*r + 5*r**3 - s*r**2. What is x(-3)?
14
Let j(f) be the second derivative of 5*f**3/2 + 3*f**2 + 568*f. Calculate j(-2).
-24
Suppose -a + b = -9, -5*a + 5 = 81*b - 78*b. Let k(y) = y**2 - 13*y + 13. What is k(a)?
-23
Let a(m) = -11*m**3 - 27*m + 40*m**3 - 16*m**2 - 7*m**3 - 9*m**3 - 14*m**3. Calculate a(-14).
-14
Let i(u) = u - 6. Let q(v) = -v**3 - 45*v**2 + 143*v - 44. Let z be q(-48). Calculate i(z).
-2
Let i(r) be the third derivative of r**7/2520 - r**6/180 + r**5/120 - r**4/24 + 25*r**3/6 - 52*r**2. Let x(n) be the second derivative of i(n). Determine x(4).
1
Let p(o) = -11*o**2 + 3*o**2 - 1 - 3*o + o - 12*o**2. Let f be (10/30)/(2/(-6)). Determine p(f).
-19
Let i(v) be the third derivative of v**6/60 + v**5/30 - v**3/3 - 11*v**2. Suppose 12*m = -3*m - 30. What is i(m)?
-10
Let d(j) = -3*j + 26. Suppose 12 = s + 4*v, 3*s - 9*v + 10*v = 25. Give d(s).
2
Let t(z) = -4*z - 80. Suppose 0 = 5*a - 2*p + 111, -2*a - 7 = -2*p + 41. Let g be t(a). Let o(b) = 3 - 1 + b - 2*b + 1. Calculate o(g).
-1
Let z(p) = 1 + 2 - 2 - p. Let h = 178 + 26. Let w = -209 + h. Calculate z(w).
6
Let r(p) = 5*p - 15. Let l(g) = 5*g - 22. Let s(c) = -3*l(c) + 4*r(c). Determine s(-2).
-4
Let n(x) = -83*x + 22*x + 58*x + 479 + 26*x. Calculate n(-21).
-4
Let a(h) = -h**3 - 28*h**2 - 53*h - 24. Let t be a(-26). Let l(x) = x**2 - 8*x - 3. Let z(u) = 6*u**2 - 41*u - 17. Let k(c) = t*z(c) - 11*l(c). Calculate k(-3).
-10
Suppose 3*a - 1 = 8, 4*a - 40 = -4*w. Suppose -3*y - 2*y - 2*m + 38 = 0, 30 = 4*y + 2*m. Let z(u) = u**2 + y - 24 - 9*u + 11. What is z(w)?
-19
Let h(f) = f**3 - 29*f**2 + 28*f - 7. Suppose -672 = 38*u - 62*u. Determine h(u).
-7
Let a(t) be the second derivative of -t**5/4 - 3*t**4/4 - 13*t**3/6 - t**2/2 - 4242*t. Give a(-2).
29
Let z(g) = g**3 - 12*g**2 - 13*g - 4. Suppose 0 = -2*j - 2*h + 16, h + 36 - 5 = 2*j. Let o be j + (-2 - 14/(-7)). Determine z(o).
-4
Let m(z) = 643*z + 112. Let h(t) = -1822*t - 335. Let u(y) = 6*h(y) + 17*m(y). What is u(-29)?
-77
Let y(z) = 14*z - 211. Suppose 351*n - 697*n + 345*n + 15 = 0. Calculate y(n).
-1
Suppose -4*n = -4*b + 48, -2*n - 311 + 281 = -5*b. Let w(u) = u**2 + 9*u - 15. Determine w(n).
-5
Suppose -2660 + 2184 = -28*x. Let y(p) = p**3 - 18*p**2 + 20*p + 10. Calculate y(x).
61
Let c(v) be the second de